{"id":625,"date":"2020-10-14T14:19:58","date_gmt":"2020-10-14T14:19:58","guid":{"rendered":"http:\/\/werdande.de\/?page_id=625"},"modified":"2020-10-15T11:28:34","modified_gmt":"2020-10-15T11:28:34","slug":"innerer-reifung","status":"publish","type":"page","link":"http:\/\/werdande.de\/?page_id=625","title":{"rendered":"Nach &#8211; Reifung"},"content":{"rendered":"\n<div class=\"wp-block-image\"><figure class=\"alignleft size-large is-resized\"><img loading=\"lazy\" decoding=\"async\" src=\"http:\/\/werdande.de\/wp-content\/uploads\/2020\/10\/20170516_175115-1-1024x768.jpg\" alt=\"\" class=\"wp-image-667\" width=\"522\" height=\"391\" srcset=\"http:\/\/werdande.de\/wp-content\/uploads\/2020\/10\/20170516_175115-1-1024x768.jpg 1024w, http:\/\/werdande.de\/wp-content\/uploads\/2020\/10\/20170516_175115-1-300x225.jpg 300w, http:\/\/werdande.de\/wp-content\/uploads\/2020\/10\/20170516_175115-1-768x576.jpg 768w, http:\/\/werdande.de\/wp-content\/uploads\/2020\/10\/20170516_175115-1-1536x1152.jpg 1536w, http:\/\/werdande.de\/wp-content\/uploads\/2020\/10\/20170516_175115-1-2048x1536.jpg 2048w\" sizes=\"auto, (max-width: 522px) 100vw, 522px\" \/><figcaption>jonglieren mit zu vielen Reizen<\/figcaption><\/figure><\/div>\n\n\n\n<p>Unsere Entwicklung als Mensch vollzieht sich vom unbewussten refexartigen Reagieren hin zum bewussten Agieren und Gestalten. <\/p>\n\n\n\n<p>Um unser \u00dcberleben sicher zu stellen, entwickeln sich zu Beginn unseres Lebens verschiedene automatischen Bewegungsreflexe, die im weiteren Verlauf durch bewusst erlernte Bewegungen in einer bestimmten Entwicklungsstufe abgel\u00f6st werden. <\/p>\n\n\n\n<p><strong>fr\u00fchkidlichen Reflexe<\/strong><\/p>\n\n\n\n<p>Reflexe sind durch unser Stammhirn gesteuerte, biologisch festgelegte, unwillk\u00fcrliche Bewegungsmuster. Das Wort \u201eunwillk\u00fcrlich\u201c dr\u00fcckt es schon aus \u2013 auf diese Bewegungsmuster kann der Mensch nicht willentlich Einfluss nehmen. Im Mutterleib und w\u00e4hrend des ersten Lebensjahres haben diese unwillk\u00fcrlichen Bewegungsmuster, die fr\u00fchkindlichen Reflexe, eine enorm wichtige Bedeutung f\u00fcr die Entwicklung des Kindes.<\/p>\n\n\n\n<p>Zum einen sorgen sie f\u00fcr den Aufbau von stabilen Verkn\u00fcpfungen zwischen den einzelnen Gehirnarealen, die zum Zeitpunkt der Geburt noch kaum miteinander verkn\u00fcpft sind. Erst wenn stabile Nervenverbindungen zwischen den einzelnen Gehirnbereichen entstanden sind, k\u00f6nnen wir unser Gehirn vollumf\u00e4nglich nutzen, also unsere Bewegungen koordinieren, still sitzen, mit Gef\u00fchlen gut umgehen, uns konzentrieren, vorausschauend denken u.v.m.<\/p>\n\n\n\n<p>Des Weiteren sorgen die fr\u00fchkindlichen Reflexe f\u00fcr den Aufbau des n\u00f6tigen Muskeltonus (Muskelspannung) im K\u00f6rper, die wir ben\u00f6tigen, um mit der Schwerkraft umzugehen, eine gute K\u00f6rperwahrnehmung und einen guten Gleichgewichtssinn zu entwickeln, damit wir zu aufrecht stehenden und gehenden Menschen heranwachsen.<\/p>\n\n\n\n<p>Es gibt einige verschiedene Reflexe wie&nbsp; z. B. den ATNR (Fechterreflex), den das Baby bei der Geburt braucht, um sich durch den Geburtskanal zu bewegen, den Tonischen Labyrinth Reflex TLR, der bei der Entwicklung des Gleichgewichts, der r\u00e4umlichen, zeitlichen und visuellen Orientierung und der K\u00f6rperhaltung hilft und den Moro Reflex, der dem Schutz vor Gefahren dient. Neben den bereits erw\u00e4hnten, gibt es noch weitere fr\u00fchkindliche Reflexe wie den Furchthemmungsreflex, den Palmar &#8211; und Plantarreflex, Asymmetrischer und symmetrischer tonischer Nackenreflex (ATNR, STNR), Such- und Saugreflex und den spinalen Galantreflex. Sie alle sind f\u00fcr das Neugeborene und seine Entwicklung von gro\u00dfer Wichtigkeit, jedoch werden sie integriert bzw. gehemmt, sobald das Kind sie nicht mehr braucht.  <\/p>\n\n\n\n<p>Alle Reflexe sid solange autonom und vom Unterbewusstsein gesteuert, bis sie durch willk\u00fcrliches Lernen kontrolliert und abgel\u00f6st werden k\u00f6nnen. Das geschieht f\u00fcr gew\u00f6hnlich in den ersten Lebensmonaten. Die Muskulatur und die instinktiven Impulse k\u00f6nnen dann schon bewusst gesteuert werden und der Mensch hat erste, sehr  wichtige Schritte in Richtung Selbststeuerung und Selbstbeherrschung vollzogen. Erst wenn beides, also die Verkn\u00fcpfung der Gehirnareale und der Aufbau des Muskeltonus st\u00f6rungsfrei vonstattengegangen sind, hat ein Kind die neuromotorische Reife erlangt, die f\u00fcr einen erfolgreichen Schulbesuch erforderlich ist.<\/p>\n\n\n\n<div class=\"wp-block-image\"><figure class=\"alignleft size-large\"><img loading=\"lazy\" decoding=\"async\" width=\"252\" height=\"645\" src=\"http:\/\/werdande.de\/wp-content\/uploads\/2020\/10\/2017-04-Reflexe2.jpg\" alt=\"\" class=\"wp-image-690\" srcset=\"http:\/\/werdande.de\/wp-content\/uploads\/2020\/10\/2017-04-Reflexe2.jpg 252w, http:\/\/werdande.de\/wp-content\/uploads\/2020\/10\/2017-04-Reflexe2-117x300.jpg 117w\" sizes=\"auto, (max-width: 252px) 100vw, 252px\" \/><\/figure><\/div>\n\n\n\n<p><strong>Die Auswirkung  von nicht abgel\u00f6sten fr\u00fchkindlichen Reflexen<\/strong><\/p>\n\n\n\n<p>Ist die individuelle Reifungszeit daf\u00fcr aus verschiedenen Gr\u00fcnden nicht gegeben, k\u00f6nnen diese Reflexe als persistierende Restreaktionen bis ins Erwachsenenalter weiter bestehen bleiben und uns unbewusst steuern. Da diese Reflexe  nur mit einem gro\u00dfen Energieauffwand oder durch kompensatorischem Verhalten unterdr\u00fcckt werden k\u00f6nnen, zeigen sich Entwicklungsst\u00f6rungen in anderen Bereichen. Besonders betroffen sind Kinder in Kita und Schule, da sich ihre Gehirne noch entwickeln und daf\u00fcr m\u00f6glichst optimale Bedingungen ben\u00f6tigen. So k\u00f6nnen Lern- und Verahltensprobleme, motorische Unruhe, Konzentrationsmangel, Zahlenbewusstsein,  Sprach- und Schreibschwierigkeiten auf noch nicht abgel\u00f6ste Reflexe hinweisen.<\/p>\n\n\n\n<p>Kinder und auch Erwachsenen k\u00f6nnen ihr volles Potential oft nicht entfalten, da sie ihre Energie f\u00fcr Kompensationsverhalten nutzen m\u00fcssen. Daraus resultieren emotionale und soziale Unsicherheiten,  Vermeidungsstrategien und Hemmungen.  <\/p>\n\n\n\n<p>Alles Erlernte muss sich im Leben durch entsprechendes Handeln zeigen  !<\/p>\n\n\n\n<p>Um das eigene Potential vollst\u00e4ndig leben zu k\u00f6nnen ist die Nachreifung auf physischer und emotionaler Ebene von besonderer Bedeutung.<\/p>\n\n\n\n<p>Ursachen f\u00fcr das Fortbestehen der fr\u00fchkindlichen Reflexe:<\/p>\n\n\n\n<p>Gr\u00fcnde gibt es daf\u00fcr viele. Neben schwierigen Schwangerschafts- und Geburtsverl\u00e4ufen, z. B. Kaiserschnitt, liegen viele Babys zu wenig auf dem Bauch, haben zu wenig Bewegung, \u00fcberspringen wichtige Entwicklungsschritte wie das Krabbeln. Auch zu langes Liegen im Maxi-Cosi und Lauflernhilfen beeintr\u00e4chtigen die nat\u00fcrliche Entwicklung.<\/p>\n\n\n\n<h2 class=\"wp-block-heading\"><strong>Auf Anfrage biete ich Trainingsprogramme zur Reflexintegration oder Nachreifung an. <\/strong><\/h2>\n\n\n\n<p>  <\/p>\n\n\n\n<p><strong>Wie sieht so ein RIT\u00ae-Reflexintegrationstraining nun aus?<\/strong><\/p>\n\n\n\n<p>Das RIT\u00ae-Einzeltraining erstreckt sich in der Regel \u00fcber einen Zeitraum von sechs bis zw\u00f6lf Monaten. Nach einer ausf\u00fchrlichen neuromotorischen Untersuchung und Feststellung der noch aktiven fr\u00fchkindlichen Reflexe, kommen die Klienten einmal im Monat in meine Praxis. Hier l\u00f6se ich die entsprechenden Reflexmuster durch isometrischen Druck aus, begleitet von einer beidseitigen Gehirnh\u00e4lftenstimulation. Um stabile neuronale Verkn\u00fcpfungen aufzubauen, ist es dann von gro\u00dfer Bedeutung, dass das Kind t\u00e4glich ein etwa zehnmin\u00fctiges Bewegungstraining zu Hause durchf\u00fchrt.<\/p>\n\n\n\n<p>Um m\u00f6glichst viele Kinder zu erreichen, wurde vom Sieber &amp; Paasch Institut ein Gruppentraining f\u00fcr Kinderg\u00e4rten und Grundschulen entwickelt, das sich \u00fcber acht Monate erstreckt und sich mit einem geringen t\u00e4glichen Aufwand von 15 Minuten gut in den Kindergarten- bzw. Schulalltag integrieren l\u00e4sst.<\/p>\n\n\n\n<p><strong>Warum das Thema Reflexintegration so wichtig ist:<\/strong><\/p>\n\n\n\n<p>Zahlreiche internationale wissenschaftliche Studien weisen  auf die Zusammenh\u00e4nge von fr\u00fchkindlichen Reflexen und Lern- und Verhaltensauff\u00e4lligkeiten hin. So haben Kinder mit AD(H)S-Symptomatiken zu 94 % den \u201eSpinalen Galant\u201c und den \u201eSpinalen Perez\u201c noch aktiv.<br>Quellen: Untersuchungen von Svedlana Masgutova und dem Sieber &amp; Paasch Institut: Kinder mit Lese-Rechtschreib-Schw\u00e4- che haben zu 75 % den \u201esymmetrischen tonischen Nackenreflex\u201c (STNR) noch aktiv<\/p>\n\n\n\n<p>Das Thema muss einfach in die \u00d6ffentlichkeit und gerade Erziehern (immer m\/w) und Lehrern zug\u00e4nglich gemacht werden, da es deutliche, auch f\u00fcr Laien sichtbare Anzeichen f\u00fcr noch aktive fr\u00fchkindliche Reflexe gibt. Das sind unter anderem:<\/p>\n\n\n\n<ul class=\"wp-block-list\"><li>Tollpatschigkeit (h\u00e4ufiges Umwerfen von Gegenst\u00e4nden)<\/li><li>schlechte K\u00f6rperhaltung<\/li><li>das Kind st\u00fctzt den Kopf st\u00e4ndig ab<\/li><li>es kann keinen Purzelbaum machen<\/li><li>Verknoten der Beine um die Stuhlbeine<\/li><li>das Heft wird zum Schreiben schr\u00e4g gelegt, sodass eher von unten nach oben statt von links nach rechts geschrieben wird<\/li><li>das Kind f\u00e4ngt in der Mitte des Blattes an zu schreiben<\/li><li>schlechte Stifthaltung, zu viel Druck auf dem Stift<\/li><li>der Mund wird beim Schreiben mitbewegt<\/li><\/ul>\n\n\n\n<p><\/p>\n\n\n\n<p><\/p>\n","protected":false},"excerpt":{"rendered":"<p>Unsere Entwicklung als Mensch vollzieht sich vom unbewussten refexartigen Reagieren hin zum bewussten Agieren und Gestalten. Um unser \u00dcberleben sicher zu stellen, entwickeln sich zu Beginn unseres Lebens verschiedene automatischen Bewegungsreflexe, die im weiteren Verlauf durch bewusst erlernte Bewegungen in einer bestimmten Entwicklungsstufe abgel\u00f6st werden. fr\u00fchkidlichen Reflexe Reflexe sind durch unser Stammhirn gesteuerte, biologisch festgelegte, &hellip; <\/p>\n<p class=\"link-more\"><a href=\"http:\/\/werdande.de\/?page_id=625\" class=\"more-link\"><span class=\"screen-reader-text\">\u201eNach &#8211; Reifung\u201c <\/span>weiterlesen<\/a><\/p>\n","protected":false},"author":1,"featured_media":0,"parent":0,"menu_order":0,"comment_status":"closed","ping_status":"closed","template":"","meta":{"footnotes":""},"class_list":["post-625","page","type-page","status-publish","hentry"],"_links":{"self":[{"href":"http:\/\/werdande.de\/index.php?rest_route=\/wp\/v2\/pages\/625","targetHints":{"allow":["GET"]}}],"collection":[{"href":"http:\/\/werdande.de\/index.php?rest_route=\/wp\/v2\/pages"}],"about":[{"href":"http:\/\/werdande.de\/index.php?rest_route=\/wp\/v2\/types\/page"}],"author":[{"embeddable":true,"href":"http:\/\/werdande.de\/index.php?rest_route=\/wp\/v2\/users\/1"}],"replies":[{"embeddable":true,"href":"http:\/\/werdande.de\/index.php?rest_route=%2Fwp%2Fv2%2Fcomments&post=625"}],"version-history":[{"count":7,"href":"http:\/\/werdande.de\/index.php?rest_route=\/wp\/v2\/pages\/625\/revisions"}],"predecessor-version":[{"id":692,"href":"http:\/\/werdande.de\/index.php?rest_route=\/wp\/v2\/pages\/625\/revisions\/692"}],"wp:attachment":[{"href":"http:\/\/werdande.de\/index.php?rest_route=%2Fwp%2Fv2%2Fmedia&parent=625"}],"curies":[{"name":"wp","href":"https:\/\/api.w.org\/{rel}","templated":true}]}}