{"id":34,"date":"2017-09-17T14:06:06","date_gmt":"2017-09-17T14:06:06","guid":{"rendered":"http:\/\/werdani.one\/?page_id=34"},"modified":"2017-12-01T11:12:06","modified_gmt":"2017-12-01T11:12:06","slug":"socialdesign","status":"publish","type":"page","link":"http:\/\/werdande.de\/?page_id=34","title":{"rendered":"SocialDesign &#8211; Konzepte, Beratung, Training f\u00fcr die soziale und p\u00e4dagogische Praxis"},"content":{"rendered":"<p><strong><img loading=\"lazy\" decoding=\"async\" class=\"alignnone size-medium wp-image-7\" src=\"http:\/\/werdani.one\/wp-content\/uploads\/2017\/09\/IMG_0710-225x300.jpg\" alt=\"\" width=\"225\" height=\"300\" srcset=\"http:\/\/werdande.de\/wp-content\/uploads\/2017\/09\/IMG_0710-225x300.jpg 225w, http:\/\/werdande.de\/wp-content\/uploads\/2017\/09\/IMG_0710-768x1024.jpg 768w, http:\/\/werdande.de\/wp-content\/uploads\/2017\/09\/IMG_0710.jpg 1200w\" sizes=\"auto, (max-width: 225px) 100vw, 225px\" \/>\u00a0 \u00a0 \u00a0 \u00a0 \u00a0Auf breiter Ebene wirken&#8230;<\/strong><\/p>\n<p>&nbsp;<\/p>\n<p>Durch Ver\u00e4nderung unserer pers\u00f6nlichen Wirklichkeit, ver\u00e4ndern und formen wir die gesellschaftliche Wirklichkeit. \u00a0Dies geschieht zum Einen auf der reinen Ebene unseres \u00a0Seins aber auch durch unsere konkreten Handlungen.\u00a0 In SocialDeSign als gesellschaftlich gestaltendem Element entwickle ich Projekte die gesellschaftliche Prozesse und Strukturen pr\u00e4gen und durch ihren hohen Realit\u00e4tsbezug die Kompetenzen und Frequenzen im menschlichen Miteinander anheben. Es ist mir ein Herzensanliegen, Menschen, Organisationen und Gesellschaften dabei zu unterst\u00fctzen, einen h\u00f6heren Grad an innerer Integration, Koh\u00e4renz \u00a0und Ausgerichtetheit zu erfahren. \u00a0Dies ist eine Voraussetzung um Visionen einer h\u00f6heren Bewusstseinsebene empfangen und leben zu k\u00f6nnen und \u00a0bestimmt damit das, was wird.<\/p>\n<p>&nbsp;<\/p>\n<p>&nbsp;<\/p>\n<p><strong>mehr unter aktuelle Projekte:\u00a0<a href=\"http:\/\/werdande.de\/?page_id=16\">http:\/\/werdande.de\/?page_id=16<\/a><\/strong><\/p>\n<p>&nbsp;<\/p>\n<p>&nbsp;<\/p>\n","protected":false},"excerpt":{"rendered":"<p>\u00a0 \u00a0 \u00a0 \u00a0 \u00a0Auf breiter Ebene wirken&#8230; &nbsp; Durch Ver\u00e4nderung unserer pers\u00f6nlichen Wirklichkeit, ver\u00e4ndern und formen wir die gesellschaftliche Wirklichkeit. \u00a0Dies geschieht zum Einen auf der reinen Ebene unseres \u00a0Seins aber auch durch unsere konkreten Handlungen.\u00a0 In SocialDeSign als gesellschaftlich gestaltendem Element entwickle ich Projekte die gesellschaftliche Prozesse und Strukturen pr\u00e4gen und durch ihren &hellip; <\/p>\n<p class=\"link-more\"><a href=\"http:\/\/werdande.de\/?page_id=34\" class=\"more-link\"><span class=\"screen-reader-text\">\u201eSocialDesign &#8211; Konzepte, Beratung, Training f\u00fcr die soziale und p\u00e4dagogische Praxis\u201c <\/span>weiterlesen<\/a><\/p>\n","protected":false},"author":1,"featured_media":0,"parent":0,"menu_order":0,"comment_status":"closed","ping_status":"closed","template":"","meta":{"footnotes":""},"class_list":["post-34","page","type-page","status-publish","hentry"],"_links":{"self":[{"href":"http:\/\/werdande.de\/index.php?rest_route=\/wp\/v2\/pages\/34","targetHints":{"allow":["GET"]}}],"collection":[{"href":"http:\/\/werdande.de\/index.php?rest_route=\/wp\/v2\/pages"}],"about":[{"href":"http:\/\/werdande.de\/index.php?rest_route=\/wp\/v2\/types\/page"}],"author":[{"embeddable":true,"href":"http:\/\/werdande.de\/index.php?rest_route=\/wp\/v2\/users\/1"}],"replies":[{"embeddable":true,"href":"http:\/\/werdande.de\/index.php?rest_route=%2Fwp%2Fv2%2Fcomments&post=34"}],"version-history":[{"count":16,"href":"http:\/\/werdande.de\/index.php?rest_route=\/wp\/v2\/pages\/34\/revisions"}],"predecessor-version":[{"id":454,"href":"http:\/\/werdande.de\/index.php?rest_route=\/wp\/v2\/pages\/34\/revisions\/454"}],"wp:attachment":[{"href":"http:\/\/werdande.de\/index.php?rest_route=%2Fwp%2Fv2%2Fmedia&parent=34"}],"curies":[{"name":"wp","href":"https:\/\/api.w.org\/{rel}","templated":true}]}}